 what is -3cd + -977f6?
-97bc3
In base 2, what is -1100000010011101011 + -1101111?
-1100000010101011010
In base 4, what is 11003013013 - 1?
11003013012
In base 13, what is 1 - 44400c25?
-44400c24
In base 11, what is 2469255 - -11?
2469266
In base 3, what is 11202020 + 201001?
12110021
In base 11, what is -450 - 180710?
-181060
In base 16, what is -8e - -5fb97?
5fb09
In base 2, what is 100 + 1000011111010101110010?
1000011111010101110110
In base 7, what is -15566423 - 63?
-15566516
In base 6, what is 215513 + -2220?
213253
In base 6, what is 53 - -101122105?
101122202
In base 8, what is -77600052 - 14?
-77600066
In base 10, what is -1578 - -562764?
561186
In base 2, what is 10010010011011011 + -1001110000011?
10001000101011000
In base 11, what is a + -15752?
-15743
In base 10, what is -1056240 - 68?
-1056308
In base 12, what is 20716 + 145b?
21b75
In base 11, what is 42 + -25872?
-25830
In base 15, what is 12940 + -e57?
119d8
In base 2, what is 101000001000010010 + -11100?
101000000111110110
In base 14, what is 2 - 18d2a21?
-18d2a1d
In base 2, what is 1100000 + -11000001110011011?
-11000001100111011
In base 10, what is 21157690 + -22?
21157668
In base 16, what is 2f - 43c98e?
-43c95f
In base 13, what is -b52 - -106a?
218
In base 5, what is 3311 - 2011212?
-2002401
In base 16, what is 2 + -22ad29e?
-22ad29c
In base 14, what is -7d077d + -1?
-7d0780
In base 7, what is -15605363 + 36?
-15605324
In base 15, what is 252ee - 22c?
250c2
In base 7, what is -126 - -435335?
435206
In base 11, what is -247386 - -5?
-247381
In base 9, what is 38 + 1387520?
1387558
In base 4, what is -1021220 + 322123?
-33031
In base 16, what is -c9a - 2b1f2?
-2be8c
In base 5, what is -12330442 - -13343?
-12312044
In base 5, what is 114022412424 + -3?
114022412421
In base 12, what is 139b6433 + 2?
139b6435
In base 15, what is -2a73c201 + 3?
-2a73c1ed
In base 7, what is 1 - 141461010?
-141461006
In base 14, what is 1 - 2c37244?
-2c37243
In base 13, what is -5 + -6559704?
-6559709
In base 6, what is 2 + -11524005250?
-11524005244
In base 3, what is -1000111121120010 - -1202?
-1000111121111101
In base 8, what is 656025057 - 3?
656025054
In base 14, what is -5 - -1b57a14?
1b57a0d
In base 2, what is 10110010101 - -11001010101101?
11100001000010
In base 16, what is -3 - -111e2ab?
111e2a8
In base 14, what is -1c62 + 2dd?
-1963
In base 11, what is 4 + 751946?
75194a
In base 16, what is -4 + -1a4753?
-1a4757
In base 10, what is 3321 + 97?
3418
In base 16, what is -5 - 3e98c80?
-3e98c85
In base 12, what is -73993 + 44b0?
-6b4a3
In base 11, what is -2992023 - -48?
-2991a86
In base 7, what is -5 - -4553206?
4553201
In base 3, what is -102 - -11010100211120000?
11010100211112121
In base 12, what is -a9b5 + 3a19?
-6b98
In base 9, what is 70 + -25543?
-25463
In base 6, what is -55002454 - -2421?
-55000033
In base 16, what is dc6 - -119f?
1f65
In base 11, what is -96 - a784?
-a86a
In base 16, what is 1 + -4f2db0?
-4f2daf
In base 5, what is -32103232 - 110?
-32103342
In base 14, what is 29457 - cb?
2936a
In base 16, what is -5 + 8844c9?
8844c4
In base 5, what is 10 - -321443422?
321443432
In base 11, what is -4 - 88944a?
-889453
In base 9, what is 68322431 + -2?
68322428
In base 6, what is 5 - -4210405422?
4210405431
In base 16, what is 734b - 17e?
71cd
In base 11, what is -2545 - -104a?
-14a6
In base 13, what is 3bb13 - 1413?
3a700
In base 12, what is 588 + 168690?
169058
In base 15, what is 3 - 2b1c95a?
-2b1c957
In base 7, what is 22 - -2452511?
2452533
In base 11, what is 109 - 44780?
-44672
In base 3, what is -110110202202 + 20121?
-110110112011
In base 10, what is -39741 - 8527?
-48268
In base 13, what is -13741 - a0?
-13811
In base 13, what is -4b652a17 - -1?
-4b652a16
In base 8, what is -2453 - 16617?
-21272
In base 11, what is 2710 - -11158?
13868
In base 4, what is -11 + 33323112133203?
33323112133132
In base 16, what is -833931a + 5?
-8339315
In base 9, what is 5611 + -240?
5361
In base 14, what is -2231a9 - 5?
-2231b0
In base 2, what is -10 - 10001011001001100000011000?
-10001011001001100000011010
In base 13, what is 3 - -c25b0a?
c25b10
In base 5, what is 1433100314400 - -4?
1433100314404
In base 9, what is -10351050 + 5?
-10351044
In base 2, what is -101100000111000 + 10101010000?
-101001011101000
In base 6, what is -32003 + -4351032?
-4423035
In base 4, what is -21232332333 + 0?
-21232332333
In base 14, what is 1483366c + 1?
1483366d
In base 5, what is 2031130 + -4311?
2021314
In base 9, what is 384800 - 54?
384735
In base 9, what is -27433 - 2253?
-30686
In base 3, what is 21111212 + -21110200?
1012
In base 15, what is 1e - 37168?
-37149
In base 11, what is -1350 - 5785a?
-590aa
In base 16, what is -66c - 49da?
-5046
In base 3, what is -1221100002221211 + -11?
-1221100002221222
In base 4, what is 1102 + -222303213?
-222302111
In base 12, what is -54114 - 108?
-54220
In base 10, what is 366 + -7545?
-7179
In base 6, what is -2201230 - -235?
-2200551
In base 13, what is -c + -547bbb1?
-547bbc0
In base 7, what is -240015 - -255?
-236430
In base 15, what is 14 - -34e683?
34e697
In base 14, what is 5 - 17681535?
-17681530
In base 5, what is -11431240441 - 332?
-11431241323
In base 10, what is -8180252 - -3?
-8180249
In base 11, what is -1 + -60528?
-60529
In base 16, what is -9 - -cbad2a?
cbad21
In base 6, what is -100 + -2153112?
-2153212
In base 2, what is -1010101100001101000110000 - -10100?
-1010101100001101000011100
In base 8, what is -3347 - 545763?
-551332
In base 9, what is 56071315 - 2?
56071313
In base 13, what is b4 - 2a94?
-29b0
In base 14, what is b9641db + -7?
b9641d4
In base 16, what is eeef49 + 4?
eeef4d
In base 15, what is a0 - -4b9776?
4b9826
In base 4, what is 0 - -21120102132221?
21120102132221
In base 11, what is -a18007 - 26a?
-a18276
In base 6, what is 4035 + 210523?
215002
In base 12, what is -1 + 1429710?
142970b
In base 11, what is -a488892 - 1?
-a488893
In base 9, what is 4721 + 3405?
8226
In base 13, what is -53ab + -cc91?
-1536c
In base 16, what is -fa13432 + 1?
-fa13431
In base 9, what is -31566825 + 45?
-31566770
In base 8, what is -4 + 46034410?
46034404
In base 13, what is b45 - -2829?
3671
In base 16, what is 7 - -3571c9?
3571d0
In base 7, what is 463365350 - -10?
463365360
In base 5, what is -21 + 121132131340?
121132131314
In base 6, what is 1 - 1253132434?
-1253132433
In base 3, what is 2112010202010200 - 11?
2112010202010112
In base 13, what is -2 + 83b413?
83b411
In base 15, what is 2d3373 - -1?
2d3374
In base 10, what is -464576 + 74?
-464502
In base 2, what is -111110100110000111011110001 + -101?
-111110100110000111011110110
In base 8, what is 3 - -402364162?
402364165
In base 10, what is 8 - 15828326?
-15828318
In base 8, what is 4606320 + 211?
4606531
In base 4, what is 12333202 + 3132230?
22132032
In base 11, what is -4900978 + -4?
-4900981
In base 13, what is -1acab94 + 0?
-1acab94
In base 9, what is 2508370 + -18?
2508351
In base 9, what is 2615653 - -34?
2615687
In base 6, what is -1053 - 515145?
-520242
In base 13, what is -5 + 5935c3?
5935bb
In base 13, what is -71 + -1c047?
-1c0b8
In base 13, what is 9 - 625b302?
-625b2c6
In base 16, what is 220a - -6db?
28e5
In base 11, what is -3 + 4126245?
4126242
In base 8, what is -21377 - 20126?
-41525
In base 14, what is 2 - 17b7409?
-17b7407
In base 10, what is -465 - -298899?
298434
In base 12, what is -5 - -3a91868?
3a91863
In base 15, what is -1 - -ee6b62e?
ee6b62d
In base 4, what is 2 + -2003012233?
-2003012231
In base 4, what is -100102303 - -213?
-100102030
In base 2, what is 11110010110111011110010001 + 1100?
11110010110111011110011101
In base 3, what is 22 + -221101211110?
-221101211011
In base 2, what is 11011101001011101010110000 + 10?
11011101001011101010110010
In base 10, what is -22397215 - 1?
-22397216
In base 8, what is 1265523 + -5?
1265516
In base 16, what is -c7c9f1 + -4?
-c7c9f5
In base 14, what is -1309 + cc7?
-422
In base 8, what is -21326 - 17112?
-40440
In base 15, what is 7e32d - -a4?
7e3d2
In base 3, what is 1022021 + 110121101?
111220122
In base 7, what is 25 + 656054?
656112
In base 5, what is -2 - 4311114332?
-4311114334
In base 15, what is a - 2a818b7?
-2a818ac
In base 14, what is 5 + 180c5b?
180c62
In base 16, what is -300 - 8d6?
-bd6
In base 4, what is 21 